{"id":770,"date":"2018-09-18T09:01:53","date_gmt":"2018-09-18T09:01:53","guid":{"rendered":"https:\/\/buscatumejorcompra.com\/index.php\/home\/"},"modified":"2022-09-20T02:07:24","modified_gmt":"2022-09-20T02:07:24","slug":"home","status":"publish","type":"page","link":"https:\/\/buscatumejorcompra.com\/","title":{"rendered":"Home"},"content":{"rendered":"\t\t<div data-elementor-type=\"wp-post\" data-elementor-id=\"770\" class=\"elementor elementor-770\">\n\t\t\t\t\t\t\t\t\t<section class=\"elementor-section elementor-top-section elementor-element elementor-element-7a5353f elementor-section-boxed elementor-section-height-default elementor-section-height-default\" data-id=\"7a5353f\" data-element_type=\"section\">\n\t\t\t\t\t\t<div class=\"elementor-container elementor-column-gap-default\">\n\t\t\t\t\t<div class=\"elementor-column elementor-col-100 elementor-top-column elementor-element elementor-element-8f66d74\" data-id=\"8f66d74\" data-element_type=\"column\">\n\t\t\t<div class=\"elementor-widget-wrap elementor-element-populated\">\n\t\t\t\t\t\t\t\t<div class=\"elementor-element elementor-element-6931b8c elementor-widget elementor-widget-heading\" data-id=\"6931b8c\" data-element_type=\"widget\" data-widget_type=\"heading.default\">\n\t\t\t\t<div class=\"elementor-widget-container\">\n\t\t\t<style>\/*! elementor - v3.7.6 - 15-09-2022 *\/\n.elementor-heading-title{padding:0;margin:0;line-height:1}.elementor-widget-heading .elementor-heading-title[class*=elementor-size-]>a{color:inherit;font-size:inherit;line-height:inherit}.elementor-widget-heading .elementor-heading-title.elementor-size-small{font-size:15px}.elementor-widget-heading .elementor-heading-title.elementor-size-medium{font-size:19px}.elementor-widget-heading .elementor-heading-title.elementor-size-large{font-size:29px}.elementor-widget-heading .elementor-heading-title.elementor-size-xl{font-size:39px}.elementor-widget-heading .elementor-heading-title.elementor-size-xxl{font-size:59px}<\/style><h2 class=\"elementor-heading-title elementor-size-default\">Encuentra los mejores descuentos de tus paginas favoritas<\/h2>\t\t<\/div>\n\t\t\t\t<\/div>\n\t\t\t\t\t<\/div>\n\t\t<\/div>\n\t\t\t\t\t\t\t<\/div>\n\t\t<\/section>\n\t\t\t\t<section class=\"elementor-section elementor-top-section elementor-element elementor-element-1890c43 elementor-section-boxed elementor-section-height-default elementor-section-height-default\" data-id=\"1890c43\" data-element_type=\"section\">\n\t\t\t\t\t\t<div class=\"elementor-container elementor-column-gap-default\">\n\t\t\t\t\t<div class=\"elementor-column elementor-col-50 elementor-top-column elementor-element elementor-element-f2f9ff9\" data-id=\"f2f9ff9\" data-element_type=\"column\">\n\t\t\t<div class=\"elementor-widget-wrap elementor-element-populated\">\n\t\t\t\t\t\t\t\t<div class=\"elementor-element elementor-element-b918476 elementor-widget elementor-widget-image\" data-id=\"b918476\" data-element_type=\"widget\" data-widget_type=\"image.default\">\n\t\t\t\t<div class=\"elementor-widget-container\">\n\t\t\t<style>\/*! elementor - v3.7.6 - 15-09-2022 *\/\n.elementor-widget-image{text-align:center}.elementor-widget-image a{display:inline-block}.elementor-widget-image a img[src$=\".svg\"]{width:48px}.elementor-widget-image img{vertical-align:middle;display:inline-block}<\/style>\t\t\t\t\t\t\t\t\t\t\t\t<img width=\"1024\" height=\"576\" src=\"https:\/\/buscatumejorcompra.com\/wp-content\/uploads\/2022\/09\/MercadoLibre-1024x576.jpg\" class=\"attachment-large size-large\" alt=\"\" loading=\"lazy\" srcset=\"https:\/\/buscatumejorcompra.com\/wp-content\/uploads\/2022\/09\/MercadoLibre-1024x576.jpg 1024w, https:\/\/buscatumejorcompra.com\/wp-content\/uploads\/2022\/09\/MercadoLibre-300x169.jpg 300w, https:\/\/buscatumejorcompra.com\/wp-content\/uploads\/2022\/09\/MercadoLibre-768x432.jpg 768w, https:\/\/buscatumejorcompra.com\/wp-content\/uploads\/2022\/09\/MercadoLibre.jpg 1200w\" sizes=\"(max-width: 1024px) 100vw, 1024px\" \/>\t\t\t\t\t\t\t\t\t\t\t\t\t\t\t<\/div>\n\t\t\t\t<\/div>\n\t\t\t\t\t<\/div>\n\t\t<\/div>\n\t\t\t\t<div class=\"elementor-column elementor-col-50 elementor-top-column elementor-element elementor-element-e3c4faa\" data-id=\"e3c4faa\" data-element_type=\"column\">\n\t\t\t<div class=\"elementor-widget-wrap elementor-element-populated\">\n\t\t\t\t\t\t\t\t<div class=\"elementor-element elementor-element-d01a921 elementor-widget elementor-widget-text-editor\" data-id=\"d01a921\" data-element_type=\"widget\" data-widget_type=\"text-editor.default\">\n\t\t\t\t<div class=\"elementor-widget-container\">\n\t\t\t<style>\/*! elementor - v3.7.6 - 15-09-2022 *\/\n.elementor-widget-text-editor.elementor-drop-cap-view-stacked .elementor-drop-cap{background-color:#818a91;color:#fff}.elementor-widget-text-editor.elementor-drop-cap-view-framed .elementor-drop-cap{color:#818a91;border:3px solid;background-color:transparent}.elementor-widget-text-editor:not(.elementor-drop-cap-view-default) .elementor-drop-cap{margin-top:8px}.elementor-widget-text-editor:not(.elementor-drop-cap-view-default) .elementor-drop-cap-letter{width:1em;height:1em}.elementor-widget-text-editor .elementor-drop-cap{float:left;text-align:center;line-height:1;font-size:50px}.elementor-widget-text-editor .elementor-drop-cap-letter{display:inline-block}<\/style>\t\t\t\t<p>Mision:<\/p><ul><li>Nuestro prop\u00f3sito es democratizar el comercio y los servicios financieros para transformar la vida de millones de personas en la regi\u00f3n.<\/li><\/ul>\t\t\t\t\t\t<\/div>\n\t\t\t\t<\/div>\n\t\t\t\t\t<\/div>\n\t\t<\/div>\n\t\t\t\t\t\t\t<\/div>\n\t\t<\/section>\n\t\t\t\t<section class=\"elementor-section elementor-top-section elementor-element elementor-element-1b02b71 elementor-section-boxed elementor-section-height-default elementor-section-height-default\" data-id=\"1b02b71\" data-element_type=\"section\">\n\t\t\t\t\t\t<div class=\"elementor-container elementor-column-gap-default\">\n\t\t\t\t\t<div class=\"elementor-column elementor-col-100 elementor-top-column elementor-element elementor-element-abaefd1\" data-id=\"abaefd1\" data-element_type=\"column\">\n\t\t\t<div class=\"elementor-widget-wrap elementor-element-populated\">\n\t\t\t\t\t\t\t\t<div class=\"elementor-element elementor-element-9e1e574 elementor-widget elementor-widget-wpdatatables\" data-id=\"9e1e574\" data-element_type=\"widget\" data-widget_type=\"wpdatatables.default\">\n\t\t\t\t<div class=\"elementor-widget-container\">\n\t\t\t\n<div class=\"wpdt-c\">\n    \n<input type=\"hidden\" id=\"wdtNonceFrontendEdit\" name=\"wdtNonceFrontendEdit\" value=\"aa5be2962b\" \/><input type=\"hidden\" name=\"_wp_http_referer\" value=\"\/index.php\/wp-json\/wp\/v2\/pages\/770\" \/>    <input type=\"hidden\" id=\"table_1_desc\" value='{\"tableId\":\"table_1\",\"tableType\":\"xls\",\"selector\":\"#table_1\",\"responsive\":true,\"responsiveAction\":\"icon\",\"infoBlock\":true,\"pagination\":1,\"paginationAlign\":\"right\",\"paginationLayout\":\"full_numbers\",\"globalSearch\":false,\"showRowsPerPage\":false,\"hideBeforeLoad\":false,\"number_format\":1,\"decimalPlaces\":2,\"spinnerSrc\":\"https:\\\/\\\/buscatumejorcompra.com\\\/wp-content\\\/plugins\\\/wpdatatables\\\/assets\\\/\\\/img\\\/spinner.gif\",\"groupingEnabled\":false,\"tableWpId\":\"1\",\"dataTableParams\":{\"sDom\":\"BT\\u003C\\u0027clear\\u0027\\u003Etip\",\"bSortCellsTop\":false,\"bPaginate\":true,\"sPaginationType\":\"full_numbers\",\"aLengthMenu\":[[1,5,10,25,50,100,-1],[1,5,10,25,50,100,\"All\"]],\"iDisplayLength\":5,\"columnDefs\":[{\"sType\":\"string\",\"wdtType\":\"string\",\"bVisible\":true,\"orderable\":true,\"searchable\":true,\"InputType\":\"text\",\"name\":\"Producto\",\"origHeader\":\"Producto\",\"notNull\":false,\"conditionalFormattingRules\":[],\"className\":\" column-producto\",\"sWidth\":\"40%\",\"aTargets\":[0]},{\"sType\":\"formatted-num\",\"wdtType\":\"int\",\"bVisible\":true,\"orderable\":true,\"searchable\":true,\"InputType\":\"text\",\"name\":\"Precio\",\"origHeader\":\"Precio\",\"notNull\":false,\"conditionalFormattingRules\":[],\"className\":\"numdata integer  column-precio\",\"sWidth\":\"25%\",\"aTargets\":[1]},{\"sType\":\"formatted-num\",\"wdtType\":\"int\",\"bVisible\":true,\"orderable\":true,\"searchable\":true,\"InputType\":\"text\",\"name\":\"Descuento\",\"origHeader\":\"Descuento\",\"notNull\":false,\"conditionalFormattingRules\":[],\"className\":\"numdata integer  column-descuento\",\"sWidth\":\"25%\",\"aTargets\":[2]},{\"sType\":\"string\",\"wdtType\":\"link\",\"bVisible\":true,\"orderable\":true,\"searchable\":true,\"InputType\":\"text\",\"name\":\"URL\",\"origHeader\":\"URL\",\"notNull\":false,\"conditionalFormattingRules\":[],\"className\":\" column-url\",\"sWidth\":\"10%\",\"aTargets\":[3]}],\"bAutoWidth\":false,\"order\":[[0,\"asc\"]],\"ordering\":true,\"buttons\":[],\"oSearch\":{\"bSmart\":false,\"bRegex\":false,\"sSearch\":\"\"}},\"tabletWidth\":\"1024\",\"mobileWidth\":\"480\",\"columnsFixed\":0,\"timeFormat\":\"h:i A\",\"datepickFormat\":\"dd\\\/mm\\\/yy\"}'\/>\n\n    <table id=\"table_1\"\n           class=\"           responsive           display nowrap data-t wpDataTable wpDataTableID-1\"\n           style=\"\"\n           data-described-by='table_1_desc'\n           data-wpdatatable_id=\"1\">\n\n        <!-- Table header -->\n        \n<thead>\n<tr>\n                    <th\n        data-class=\"expand\"                class=\" wdtheader sort \"\n        style=\"\">Producto<\/th>        <th\n                        class=\" wdtheader sort numdata integer \"\n        style=\"\">Precio<\/th>        <th\n                        class=\" wdtheader sort numdata integer \"\n        style=\"\">Descuento<\/th>        <th\n                data-hide=\"tablet\"        class=\"tablet wdtheader sort \"\n        style=\"\">URL<\/th>    <\/tr>\n<\/thead>\n        <!-- \/Table header -->\n\n        <!-- Table body -->\n        \n<tbody>\n        <tr id=\"table_1_row_0\">\n                    <td style=\"\">Xiaomi Redmi 9A Dual SIM 32 GB azul celeste 2 GB RAM<\/td>\n                    <td style=\"\">409.900<\/td>\n                    <td style=\"\">69.100<\/td>\n                    <td style=\"\"><a href='https:\/\/www.mercadolibre.com.co\/xiaomi-redmi-9a-dual-sim-32-gb-azul-celeste-2-gb-ram\/p\/MCO15927745?pdp_filters=category:MCO1055#searchVariation=MCO15927745&position=4&search_layout=stack&type=product&tracking_id=f33cc74e-d1a6-4d18-a8b3-b3c5666eddd7' rel='' target='_self'>https:\/\/www.mercadolibre.com.co\/xiaomi-redmi-9a-dual-sim-32-gb-azul-celeste-2-gb-ram\/p\/MCO15927745?pdp_filters=category:MCO1055#searchVariation=MCO15927745&position=4&search_layout=stack&type=product&tracking_id=f33cc74e-d1a6-4d18-a8b3-b3c5666eddd7<\/a><\/td>\n            <\/tr>\n            <tr id=\"table_1_row_1\">\n                    <td style=\"\">Xiaomi Redmi Note 10 Pro (Global) Dual SIM 128 GB azul glaciar 6 GB RAM<\/td>\n                    <td style=\"\">1.099.700<\/td>\n                    <td style=\"\">500.200<\/td>\n                    <td style=\"\"><a href='https:\/\/www.mercadolibre.com.co\/xiaomi-redmi-note-10-pro-global-dual-sim-128-gb-azul-glaciar-6-gb-ram\/p\/MCO17953705?pdp_filters=category:MCO1055#searchVariation=MCO17953705&position=6&search_layout=stack&type=product&tracking_id=f33cc74e-d1a6-4d18-a8b3-b3c5666eddd7' rel='' target='_self'>https:\/\/www.mercadolibre.com.co\/xiaomi-redmi-note-10-pro-global-dual-sim-128-gb-azul-glaciar-6-gb-ram\/p\/MCO17953705?pdp_filters=category:MCO1055#searchVariation=MCO17953705&position=6&search_layout=stack&type=product&tracking_id=f33cc74e-d1a6-4d18-a8b3-b3c5666eddd7<\/a><\/td>\n            <\/tr>\n            <tr id=\"table_1_row_2\">\n                    <td style=\"\">Samsung Galaxy A52 Dual SIM 128 GB awesome black 6 GB RAM<\/td>\n                    <td style=\"\">1.339.900<\/td>\n                    <td style=\"\">60.000<\/td>\n                    <td style=\"\"><a href='https:\/\/www.mercadolibre.com.co\/samsung-galaxy-a52-dual-sim-128-gb-awesome-black-6-gb-ram\/p\/MCO17493818?pdp_filters=item_id:MCO910427124#searchVariation=MCO17493818&position=9&search_layout=stack&type=pad&tracking_id=f33cc74e-d1a6-4d18-a8b3-b3c5666eddd7' rel='' target='_self'>https:\/\/www.mercadolibre.com.co\/samsung-galaxy-a52-dual-sim-128-gb-awesome-black-6-gb-ram\/p\/MCO17493818?pdp_filters=item_id:MCO910427124#searchVariation=MCO17493818&position=9&search_layout=stack&type=pad&tracking_id=f33cc74e-d1a6-4d18-a8b3-b3c5666eddd7<\/a><\/td>\n            <\/tr>\n            <tr id=\"table_1_row_3\">\n                    <td style=\"\">Samsung Galaxy A53 5G Dual SIM 128 GB blanco asombroso 6 GB RAM<\/td>\n                    <td style=\"\">1.569.900<\/td>\n                    <td style=\"\">430.000<\/td>\n                    <td style=\"\"><a href='https:\/\/www.mercadolibre.com.co\/samsung-galaxy-a53-5g-dual-sim-128-gb-blanco-asombroso-6-gb-ram\/p\/MCO19074045?pdp_filters=category:MCO1055#searchVariation=MCO19074045&position=14&search_layout=stack&type=product&tracking_id=f33cc74e-d1a6-4d18-a8b3-b3c5666eddd7' rel='' target='_self'>https:\/\/www.mercadolibre.com.co\/samsung-galaxy-a53-5g-dual-sim-128-gb-blanco-asombroso-6-gb-ram\/p\/MCO19074045?pdp_filters=category:MCO1055#searchVariation=MCO19074045&position=14&search_layout=stack&type=product&tracking_id=f33cc74e-d1a6-4d18-a8b3-b3c5666eddd7<\/a><\/td>\n            <\/tr>\n            <tr id=\"table_1_row_4\">\n                    <td style=\"\">Samsung Galaxy A52 128 GB awesome black 6 GB RAM<\/td>\n                    <td style=\"\">1.549.900<\/td>\n                    <td style=\"\">350.000<\/td>\n                    <td style=\"\"><a href='https:\/\/www.mercadolibre.com.co\/samsung-galaxy-a52-128-gb-awesome-black-6-gb-ram\/p\/MCO17493810?pdp_filters=category:MCO1055#searchVariation=MCO17493810&position=22&search_layout=stack&type=product&tracking_id=f33cc74e-d1a6-4d18-a8b3-b3c5666eddd7' rel='' target='_self'>https:\/\/www.mercadolibre.com.co\/samsung-galaxy-a52-128-gb-awesome-black-6-gb-ram\/p\/MCO17493810?pdp_filters=category:MCO1055#searchVariation=MCO17493810&position=22&search_layout=stack&type=product&tracking_id=f33cc74e-d1a6-4d18-a8b3-b3c5666eddd7<\/a><\/td>\n            <\/tr>\n            <tr id=\"table_1_row_5\">\n                    <td style=\"\">Samsung Galaxy A13 Dual SIM 64 GB light blue 4 GB RAM<\/td>\n                    <td style=\"\">649.900<\/td>\n                    <td style=\"\">250.000<\/td>\n                    <td style=\"\"><a href='https:\/\/www.mercadolibre.com.co\/samsung-galaxy-a13-dual-sim-64-gb-light-blue-4-gb-ram\/p\/MCO19077029?pdp_filters=category:MCO1055#searchVariation=MCO19077029&position=27&search_layout=stack&type=product&tracking_id=f33cc74e-d1a6-4d18-a8b3-b3c5666eddd7' rel='' target='_self'>https:\/\/www.mercadolibre.com.co\/samsung-galaxy-a13-dual-sim-64-gb-light-blue-4-gb-ram\/p\/MCO19077029?pdp_filters=category:MCO1055#searchVariation=MCO19077029&position=27&search_layout=stack&type=product&tracking_id=f33cc74e-d1a6-4d18-a8b3-b3c5666eddd7<\/a><\/td>\n            <\/tr>\n    <\/tbody>        <!-- \/Table body -->\n\n        \n    <\/table>\n\n<\/div>\n\n<span class=\"powered_by_link d-block m-l-10 m-t-10 m-b-10\">Generated by <a href=\"https:\/\/wpdatatables.com\" target=\"_blank\">wpDataTables<\/a><\/span><style>\ntable.wpDataTable { table-layout: fixed !important; }\ntable.wpDataTable td.numdata { text-align: right !important; }\n<\/style>\n\t\t<\/div>\n\t\t\t\t<\/div>\n\t\t\t\t\t<\/div>\n\t\t<\/div>\n\t\t\t\t\t\t\t<\/div>\n\t\t<\/section>\n\t\t\t\t<section class=\"elementor-section elementor-top-section elementor-element elementor-element-5975dcf elementor-section-boxed elementor-section-height-default elementor-section-height-default\" data-id=\"5975dcf\" data-element_type=\"section\">\n\t\t\t\t\t\t<div class=\"elementor-container elementor-column-gap-default\">\n\t\t\t\t\t<div class=\"elementor-column elementor-col-50 elementor-top-column elementor-element elementor-element-984f0f1\" data-id=\"984f0f1\" data-element_type=\"column\">\n\t\t\t<div class=\"elementor-widget-wrap elementor-element-populated\">\n\t\t\t\t\t\t\t\t<div class=\"elementor-element elementor-element-a2737f3 elementor-widget elementor-widget-image\" data-id=\"a2737f3\" data-element_type=\"widget\" data-widget_type=\"image.default\">\n\t\t\t\t<div class=\"elementor-widget-container\">\n\t\t\t\t\t\t\t\t\t\t\t\t\t\t\t<img width=\"715\" height=\"348\" src=\"https:\/\/buscatumejorcompra.com\/wp-content\/uploads\/2022\/09\/linio-e1663630929408.webp\" class=\"attachment-large size-large\" alt=\"\" loading=\"lazy\" srcset=\"https:\/\/buscatumejorcompra.com\/wp-content\/uploads\/2022\/09\/linio-e1663630929408.webp 715w, https:\/\/buscatumejorcompra.com\/wp-content\/uploads\/2022\/09\/linio-e1663630929408-300x146.webp 300w\" sizes=\"(max-width: 715px) 100vw, 715px\" \/>\t\t\t\t\t\t\t\t\t\t\t\t\t\t\t<\/div>\n\t\t\t\t<\/div>\n\t\t\t\t\t<\/div>\n\t\t<\/div>\n\t\t\t\t<div class=\"elementor-column elementor-col-50 elementor-top-column elementor-element elementor-element-381872c\" data-id=\"381872c\" data-element_type=\"column\">\n\t\t\t<div class=\"elementor-widget-wrap elementor-element-populated\">\n\t\t\t\t\t\t\t\t<div class=\"elementor-element elementor-element-9a3de7c elementor-widget elementor-widget-text-editor\" data-id=\"9a3de7c\" data-element_type=\"widget\" data-widget_type=\"text-editor.default\">\n\t\t\t\t<div class=\"elementor-widget-container\">\n\t\t\t\t\t\t\t<p>Mision:<\/p><ul><li>Queremos hacer tu vida m\u00e1s sencilla, t\u00fa solo preoc\u00fapate de encontrar al elegido entre nuestros megatones de productos.<\/li><\/ul>\t\t\t\t\t\t<\/div>\n\t\t\t\t<\/div>\n\t\t\t\t\t<\/div>\n\t\t<\/div>\n\t\t\t\t\t\t\t<\/div>\n\t\t<\/section>\n\t\t\t\t<section class=\"elementor-section elementor-top-section elementor-element elementor-element-49ea9cc elementor-section-boxed elementor-section-height-default elementor-section-height-default\" data-id=\"49ea9cc\" data-element_type=\"section\">\n\t\t\t\t\t\t<div class=\"elementor-container elementor-column-gap-default\">\n\t\t\t\t\t<div class=\"elementor-column elementor-col-50 elementor-top-column elementor-element elementor-element-9b40ff5\" data-id=\"9b40ff5\" data-element_type=\"column\">\n\t\t\t<div class=\"elementor-widget-wrap elementor-element-populated\">\n\t\t\t\t\t\t\t\t<div class=\"elementor-element elementor-element-e8e5b42 elementor-widget elementor-widget-image\" data-id=\"e8e5b42\" data-element_type=\"widget\" data-widget_type=\"image.default\">\n\t\t\t\t<div class=\"elementor-widget-container\">\n\t\t\t\t\t\t\t\t\t\t\t\t\t\t\t<img width=\"963\" height=\"489\" src=\"https:\/\/buscatumejorcompra.com\/wp-content\/uploads\/2022\/09\/Falabella.png\" class=\"attachment-large size-large\" alt=\"\" loading=\"lazy\" srcset=\"https:\/\/buscatumejorcompra.com\/wp-content\/uploads\/2022\/09\/Falabella.png 963w, https:\/\/buscatumejorcompra.com\/wp-content\/uploads\/2022\/09\/Falabella-300x152.png 300w, https:\/\/buscatumejorcompra.com\/wp-content\/uploads\/2022\/09\/Falabella-768x390.png 768w\" sizes=\"(max-width: 963px) 100vw, 963px\" \/>\t\t\t\t\t\t\t\t\t\t\t\t\t\t\t<\/div>\n\t\t\t\t<\/div>\n\t\t\t\t\t<\/div>\n\t\t<\/div>\n\t\t\t\t<div class=\"elementor-column elementor-col-50 elementor-top-column elementor-element elementor-element-ca47a9e\" data-id=\"ca47a9e\" data-element_type=\"column\">\n\t\t\t<div class=\"elementor-widget-wrap elementor-element-populated\">\n\t\t\t\t\t\t\t\t<div class=\"elementor-element elementor-element-7b95b73 elementor-widget elementor-widget-text-editor\" data-id=\"7b95b73\" data-element_type=\"widget\" data-widget_type=\"text-editor.default\">\n\t\t\t\t<div class=\"elementor-widget-container\">\n\t\t\t\t\t\t\t<p>Mision:<\/p><ul><li>Liderar el comercio latinoamericano, entregando la mejor experiencia de compra omnicanal.<\/li><\/ul>\t\t\t\t\t\t<\/div>\n\t\t\t\t<\/div>\n\t\t\t\t\t<\/div>\n\t\t<\/div>\n\t\t\t\t\t\t\t<\/div>\n\t\t<\/section>\n\t\t\t\t\t\t\t<\/div>\n\t\t","protected":false},"excerpt":{"rendered":"<p>Encuentra los mejores descuentos de tus paginas favoritas Mision: Nuestro prop\u00f3sito es democratizar el comercio y los servicios financieros para transformar la vida de millones de personas en la regi\u00f3n. Mision: Queremos hacer tu vida m\u00e1s sencilla, t\u00fa solo preoc\u00fapate de encontrar al elegido entre nuestros megatones de productos. Mision: Liderar el comercio latinoamericano, entregando &hellip;<\/p>\n<p class=\"read-more\"> <a class=\"\" href=\"https:\/\/buscatumejorcompra.com\/\"> <span class=\"screen-reader-text\">Home<\/span> Read More &raquo;<\/a><\/p>\n","protected":false},"author":1,"featured_media":0,"parent":0,"menu_order":0,"comment_status":"closed","ping_status":"closed","template":"","meta":{"om_disable_all_campaigns":false,"_monsterinsights_skip_tracking":false,"_monsterinsights_sitenote_active":false,"_monsterinsights_sitenote_note":"","_monsterinsights_sitenote_category":0,"site-sidebar-layout":"no-sidebar","site-content-layout":"page-builder","ast-global-header-display":"","ast-main-header-display":"","ast-hfb-above-header-display":"","ast-hfb-below-header-display":"","ast-hfb-mobile-header-display":"","site-post-title":"disabled","ast-breadcrumbs-content":"","ast-featured-img":"disabled","footer-sml-layout":"","theme-transparent-header-meta":"default","adv-header-id-meta":"","stick-header-meta":"","header-above-stick-meta":"","header-main-stick-meta":"","header-below-stick-meta":""},"aioseo_notices":[],"_links":{"self":[{"href":"https:\/\/buscatumejorcompra.com\/index.php\/wp-json\/wp\/v2\/pages\/770"}],"collection":[{"href":"https:\/\/buscatumejorcompra.com\/index.php\/wp-json\/wp\/v2\/pages"}],"about":[{"href":"https:\/\/buscatumejorcompra.com\/index.php\/wp-json\/wp\/v2\/types\/page"}],"author":[{"embeddable":true,"href":"https:\/\/buscatumejorcompra.com\/index.php\/wp-json\/wp\/v2\/users\/1"}],"replies":[{"embeddable":true,"href":"https:\/\/buscatumejorcompra.com\/index.php\/wp-json\/wp\/v2\/comments?post=770"}],"version-history":[{"count":40,"href":"https:\/\/buscatumejorcompra.com\/index.php\/wp-json\/wp\/v2\/pages\/770\/revisions"}],"predecessor-version":[{"id":855,"href":"https:\/\/buscatumejorcompra.com\/index.php\/wp-json\/wp\/v2\/pages\/770\/revisions\/855"}],"wp:attachment":[{"href":"https:\/\/buscatumejorcompra.com\/index.php\/wp-json\/wp\/v2\/media?parent=770"}],"curies":[{"name":"wp","href":"https:\/\/api.w.org\/{rel}","templated":true}]}}